 v(f) = -3*f**2 - 20*f + 39. What is v(2)?
-13
Let j(b) = -b**2 - 1302*b - 5186. Give j(-4).
6
Let d(x) = x**2 - 24*x - 408. What is d(-12)?
24
Let t(y) = -539*y + 3228. Determine t(6).
-6
Let i(g) = -9*g + 511. Determine i(74).
-155
Let o(b) = -b**2 + 170*b + 2197. Give o(-12).
13
Let i(x) = -2*x**3 + 65*x**2 + 35*x - 58. Give i(33).
8
Let i(w) = -2*w**3 + 39*w**2 - 58*w - 20. Calculate i(18).
-92
Let t(r) = 11*r + 207. What is t(-21)?
-24
Let x(f) = 139*f - 2080. What is x(15)?
5
Let r(a) = -2*a**3 - 46*a**2 - 85*a - 1972. Give r(-23).
-17
Let d(k) = -k**2 - 24*k - 184. Give d(-12).
-40
Let g(l) = l**2 + 38*l + 84. What is g(18)?
1092
Let d(r) = r**2 - 76*r - 8954. Calculate d(-64).
6
Let x(f) = f**3 - 7*f**2 - 3*f + 33. What is x(7)?
12
Let l(g) = 2*g**3 - 57*g**2 + 77*g + 87. Give l(27).
-21
Let n(b) = b**2 + 21*b + 124. Determine n(-16).
44
Let n(d) = 6*d**3 + 30*d**2 - 8*d - 15. Determine n(-5).
25
Let u(b) = 10*b - 114. Give u(19).
76
Let k(m) = -2*m**3 - 18*m**2 - 45*m - 99. Determine k(-7).
20
Let d(a) = -21*a - 1113. Determine d(-54).
21
Let c(r) = 78*r + 620. Give c(-8).
-4
Let b(s) = s**3 - 21*s**2 - 14*s - 88. Determine b(22).
88
Let o(l) = 2*l - 82. Give o(62).
42
Let x(d) = -2*d**2 - 189*d - 1267. Determine x(-7).
-42
Let s(t) = -t**3 + 19*t**2 + 64*t - 827. Determine s(20).
53
Let a(f) = f**3 - 10*f**2 - 497*f + 5010. Give a(10).
40
Let q(d) = 315*d + 4098. What is q(-13)?
3
Let z(a) = a**2 + 35*a + 184. Calculate z(-9).
-50
Let g(t) = -2*t**2 - 21*t + 20451. Determine g(96).
3
Let s(l) = -62*l**2 - 621*l - 21. Calculate s(-10).
-11
Let z(d) = 7*d**3 + 120*d**2 + 22*d - 13. Determine z(-17).
-98
Let h(u) = u**3 + 4*u**2 - 17*u - 54. Calculate h(4).
6
Let v(u) = -9*u**3 - 9*u**2 - 25*u + 34. Give v(1).
-9
Let b(w) = 19*w - 76. What is b(1)?
-57
Let r(b) = 8*b**3 + 36*b**2 + 24*b + 39. Determine r(-4).
7
Let h(j) = -72*j - 462. Determine h(-8).
114
Let h(w) = w**3 + 120*w**2 - 124*w - 362. What is h(-121)?
1
Let d(l) = 6*l - 266. What is d(29)?
-92
Let u(s) = 14*s - 278. Determine u(44).
338
Let o(f) = 288*f - 9. Give o(-1).
-297
Let m(v) = 169*v**2 - 43*v - 1. Determine m(-1).
211
Let c(x) = x**2 - 20*x - 26812. Calculate c(174).
-16
Let u(j) = -2*j**3 - 158*j**2 + 180*j + 1603. Calculate u(-80).
3
Let h(y) = y**3 + 21*y**2 - 172*y + 18. What is h(6)?
-42
Let h(k) = 833*k - 28326. What is h(34)?
-4
Let g(u) = -u**2 + 166*u + 10276. Give g(214).
4
Let l(x) = 163*x + 2280. Determine l(-14).
-2
Let y(f) = 2*f**2 - 545*f + 11927. Calculate y(24).
-1
Let i(r) = r + 1. Calculate i(-22).
-21
Let w(b) = -39*b + 205. Give w(8).
-107
Let z(g) = g**2 + 174*g - 2435. Determine z(13).
-4
Let f(p) = 61*p + 706. Calculate f(-11).
35
Let a(n) = -10*n + 160. Calculate a(4).
120
Let m(t) = -124*t**2 - 123*t + 240. Determine m(1).
-7
Let p(d) = 2*d**2 + 7*d + 5. What is p(-6)?
35
Let l(g) = -3*g**2 + 509*g + 56. Calculate l(0).
56
Let l(y) = -y**3 + 86*y**2 - 186*y + 1459. Determine l(84).
-53
Let d(j) = j**2 + 35*j - 303. What is d(-44)?
93
Let s(g) = -46*g + 32. What is s(5)?
-198
Let z(j) = -j**3 + 14*j**2 + 9*j - 102. Give z(13).
184
Let y(s) = -3*s**3 + 146*s**2 - 90*s - 301. Give y(48).
-13
Let o(p) = p**3 + 17*p**2 - 8*p + 127. Calculate o(-18).
-53
Let d(f) = -f**3 - 5*f**2 - 54*f - 152. Calculate d(-3).
-8
Let w(x) = -11*x + 138. Determine w(3).
105
Let v(x) = 127*x - 87. Give v(3).
294
Let y(b) = -299*b + 2668. Calculate y(9).
-23
Let s(g) = -2*g - 242. Calculate s(-121).
0
Let y(q) = -130*q + 832. What is y(11)?
-598
Let b(y) = -y**3 - 7*y**2 - 42. What is b(-10)?
258
Let a(g) = -g**3 + 25*g**2 - 26*g + 105. Give a(24).
57
Let b(g) = 17*g + 129. What is b(-18)?
-177
Let w(t) = -2*t**2 + 169*t - 380. Give w(82).
30
Let b(x) = x**2 + 239*x + 2499. Give b(-11).
-9
Let k(y) = 110*y**2 + 50*y - 1. Give k(-1).
59
Let z(l) = 51*l - 30. Determine z(-1).
-81
Let p(n) = -347*n - 5193. Determine p(-15).
12
Let n(f) = 117*f**2 + 3291*f + 425. Determine n(-28).
5
Let d(l) = 142*l + 3123. What is d(-22)?
-1
Let p(a) = -a**3 + 9*a**2 - 13*a - 15. Give p(10).
-245
Let r(w) = -2*w**3 - 8*w**2 + 5*w + 16. What is r(-6)?
130
Let m(q) = -q**2 - 55*q + 297. Determine m(-44).
781
Let a(g) = 767*g**2 - 2311*g + 39. Determine a(3).
9
Let b(q) = -19*q**2 + 3038*q + 302. Calculate b(160).
-18
Let v(l) = 85*l**2 - 28*l + 48. Calculate v(2).
332
Let q(n) = -41*n + 2458. What is q(60)?
-2
Let d(k) = k**2 + 55*k + 943. What is d(-28)?
187
Let r(o) = -7*o**2 + 7*o + 6. What is r(3)?
-36
Let p(l) = -2*l**3 - 38*l**2 - 8*l - 64. Give p(-19).
88
Let x(n) = 83*n - 112. Determine x(2).
54
Let v(b) = -2*b**3 - 7*b**2 + 20*b + 5. Determine v(2).
1
Let u(s) = -83*s - 8977. Give u(-108).
-13
Let n(c) = -3*c**3 - 33*c**2 + c + 18. Calculate n(-11).
7
Let f(w) = -w**3 + 61*w**2 - 111*w - 492. Give f(59).
-79
Let o(j) = j**2 - 201. Determine o(-14).
-5
Let k(w) = -51*w - 3715. Determine k(-71).
-94
Let t(r) = -4*r**3 + 6*r**2 - r + 49. Give t(0).
49
Let m(n) = -n**2 + 168*n - 3104. What is m(147)?
-17
Let d(n) = 125*n - 4586. Determine d(37).
39
Let x(c) = c**2 - 97*c + 1481. What is x(78)?
-1
Let k(h) = 4*h**3 - 22*h**2 + 44*h + 23. Calculate k(6).
359
Let h(c) = c**3 - 5*c**2 + 4*c - 28. Calculate h(8).
196
Let z(p) = -2*p**3 + 24*p**2 + 35*p - 35. Calculate z(13).
82
Let a(c) = -c - 8. Determine a(26).
-34
Let f(t) = 78*t - 1587. Calculate f(21).
51
Let w(t) = -t**2 - 599*t - 3562. Determine w(-6).
-4
Let o(x) = -620*x - 32245. Give o(-52).
-5
Let z(f) = f**2 - 46*f - 93. Determine z(0).
-93
Let y(j) = -21*j + 188. Give y(0).
188
Let q(t) = t**3 - 16*t**2 - 74*t + 327. Determine q(19).
4
Let o(q) = 36*q**3 + q**2 + q - 2. What is o(2)?
292
Let g(l) = -47*l + 2160. Calculate g(43).
139
Let c(i) = 3*i**2 - 221*i - 252. Give c(75).
48
Let h(q) = 2*q**3 - 166*q**2 - 168*q - 32. Calculate h(84).
-32
Let j(z) = -98*z - 1176. Calculate j(-12).
0
Let j(h) = 129*h + 2588. What is j(-20)?
8
Let c(z) = -6*z**3 + 23*z**2 + 30*z + 9. What is c(-1)?
8
Let k(u) = 3170*u + 76074. Give k(-24).
-6
Let x(k) = k**2 + 15*k - 1211. Determine x(-43).
-7
Let i(n) = -9*n**3 - 15*n**2 - 116*n - 241. What is i(-2)?
3
Let u(i) = 2*i**2 + 137*i - 7667. What is u(-105)?
-2
Let i(b) = -b**2 + 38*b + 412. Determine i(47).
-11
Let l(z) = -2*z**3 + 13*z**2 - 8*z + 43. Give l(8).
-213
Let q(x) = 1724*x + 37948. Determine q(-22).
20
Let h(r) = 7*r - 45. Give h(10).
25
Let l(o) = 2*o**2 - 67*o + 267. Give l(29).
6
Let c(s) = 21*s + 265. Determine c(-17).
-92
Let k(o) = o**3 + 59*o**2 + 3*o - 307. Calculate k(-59).
-484
Let o(c) = c**3 + c**2 - 67*c + 10. Give o(8).
50
Let d(u) = u**3 - 105*u**2 + 629*u - 3469. What is d(99)?
-4
Let b(l) = 24*l**2 + 2*l - 19. Give b(-4).
357
Let m(q) = 492*q - 3935. What is m(8)?
1
Let i(t) = -t**3 - 24*t**2 - 255*t - 1616. Calculate i(-14).
-6
Let r(b) = b**3 + 3*b**2 - 4*b - 26. Give r(-3).
-14
Let r(n) = 138*n - 8. Calculate r(0).
-8
Let y(f) = -6*f**2 + 142*f - 150. Calculate y(24).
-198
Let x(k) = k**3 - 3*k**2 - 9*k - 5. What is x(-1)?
0
Let f(y) = 6*y**2 + 369*y + 120. Determine f(-61).
-63
Let q(m) = 3*m**2 + 162*m + 289. Determine q(-53).
130
Let v(b) = 2*b**2 + 56*b + 222. Give v(-5).
-8
Let q(m) = -25*m**2 + 36*m - 72. Give q(2).
-100
Let u(m) = -6*m**3 - 45*m**2 - 20*m + 19. What is u(-7)?
12
Let o(w) = -5*w**2 + 150*w - 1073. What is o(12)?
7
Let d(r) = r**3 + 35*r**2 - 3*r - 6. Determine d(0).
-6
Let u(g) = -801*g + 27243. Give u(34).
9
Let c(k) = -3*k**3 - 5*k**2 + 2*k - 10. What is c(0)?
-10
Let u(c) = -c**3 - 50*c**2 - 54*c - 256. What is u(-49)?
-11
Let v(r) = 3*r**3 + 14*r**2 - 9*r - 17. Give v(-4).
51
Let m(r) = r**2 + 37*r - 119. What is m(-42)?
91
Let l(r) = 373*r**2 + 30*r - 29. Give l(1).
374
Let s(g) = 106*g + 3167. Determine s(-30).
-13
Let i(k) = 45*k**2 + 490*k - 48. Give i(-11).
7
Let h(l) = -128*l - 5396. Calculate h(-42).
-20
Let q(f) = 9*f**2 + 2*f + 36. Determine q(-4).
172
Let u(h) = -h**2 - 70*h + 3015. What is u(30)?
15
Let v(z) = -2*z**3 + 8*z**2 + 8*z + 17. Determine v(5).
7
Let i(p) = p**2 + 37*p + 229. What is i(-21)?
-107
Let b(v) = 5*v**2 - 103*v - 224. What is b(-2)?
2
Let x(f) = -f**3 - 2*f**2 - 33*f - 173. Give x(-6).
169
Let u(d) = 20*d + 567. What is u(-22)?
127
Let t(b) = b**2 - 43*b + 337. What is t(33)?
7
Let m(v) = 66*v - 12